{"id":2976,"date":"2024-01-14T05:31:41","date_gmt":"2024-01-14T04:31:41","guid":{"rendered":"http:\/\/lea-ns.com\/?page_id=2976"},"modified":"2024-03-25T21:41:35","modified_gmt":"2024-03-25T20:41:35","slug":"zastitna-oprema-lea-ns-doo-htz","status":"publish","type":"page","link":"http:\/\/lea-ns.com\/?page_id=2976","title":{"rendered":"Radne Jakne Htz"},"content":{"rendered":"<p><span style=\"text-decoration: underline;\"><em><strong><span style=\"color: #ff0000; text-decoration: underline;\">\u00a0<\/span><\/strong><\/em><\/span><\/p>\n<p>JAKNA ARGALI<\/p>\n<p><span style=\"text-decoration: underline;\"><em><strong><span style=\"color: #ff0000; text-decoration: underline;\">\u00a0<\/span><\/strong><\/em><\/span> <strong>Vodonepropusna zimska jakna, otporna na vetar, kapulja\u010da na skidanje, modernog izgleda, vrpca za zatezanje, ventilacija pod pazuhom. Veli\u010dina S-3XL\u00a0<\/strong> <strong>Koristi se za svakodnevni rad na otvorenom prostoru, za\u0161tita\u00a0<\/strong><strong>od vetra, ki\u0161e, snega ..<\/strong><\/p>\n<p>&nbsp;<\/p>\n<p><strong><\/strong><img decoding=\"async\" alt=\"Argali\" src=\"http:\/\/www.albo.biz\/content\/slpr\/zimska-jakna-zastitna-oprema-od-0610.jpg\" \/><\/p>\n<p><span style=\"text-decoration: underline; color: #ff0000;\"><strong>\u00a0<\/strong><\/span><\/p>\n<p>JAKNA TRIOX 3 U 1<\/p>\n<p>&nbsp;<\/p>\n<p><em><strong>Trodelna zimska vodonepropusna jakna, \u0161tepana karirana postava na skidanje, rukavi sa postave na skidanje, dosta prakti\u010dnih d\u017eepova i d\u017eep za ID karticu i mobilni telefon. Vel. M-3XL\u00a0<\/strong><\/em> <em><strong>Koristi se za svakodnevni rad na otvorenom prostoru, za\u0161tita od vetra, ki\u0161e, snega &#8230;<\/strong><\/em><\/p>\n<p>&nbsp;<\/p>\n<p><img decoding=\"async\" alt=\"Triox\" src=\"http:\/\/www.albo.biz\/content\/slpr\/radna-jakna-htz-oprema-od-1400.jpg\" \/><\/p>\n<p>&nbsp;<\/p>\n<p><em><span style=\"text-decoration: underline;\"><span style=\"color: #ff0000;\"><strong>\u00a0<\/strong><\/span><\/span><\/em><\/p>\n<p>JAKNA ANZAC<\/p>\n<p>&nbsp;<\/p>\n<p><em><span style=\"text-decoration: underline;\"><span style=\"color: #ff0000;\"><strong>\u00a0<\/strong><\/span><\/span><\/em> <em><strong>Jakna vodonepropusna \u00a0paropropusna, sklopiva kapulja\u010da, postava od polara koja se skida, vareni \u0161avovi, otvori \u00e2\u20ac\u201c ventilacija pod pazuhom, 4+1 unutra\u0161nji d\u017eep, nylon\/poliester. Vel. S-3XL\u00a0<\/strong><\/em> <em><strong>Koriste se u industriji, gradjevinarstvu i poljoprivredi za za\u0161titu od blata, ne\u010disto\u0107e, hladno\u0107e, ki\u0161e i manjih mehani\u010dkih rizika.<\/strong><\/em><\/p>\n<p><em id=\"__mceDel\"><a href=\"http:\/\/lea-ns.com\/wp-content\/uploads\/2013\/12\/zimska-jakna-anzac.jpg\"><img decoding=\"async\" loading=\"lazy\" class=\"alignleft size-full wp-image-8453\" alt=\"zimska jakna Anzac\" src=\"http:\/\/lea-ns.com\/wp-content\/uploads\/2013\/12\/zimska-jakna-anzac.jpg\" width=\"500\" height=\"500\" srcset=\"http:\/\/lea-ns.com\/wp-content\/uploads\/2013\/12\/zimska-jakna-anzac.jpg 500w, http:\/\/lea-ns.com\/wp-content\/uploads\/2013\/12\/zimska-jakna-anzac-150x150.jpg 150w, http:\/\/lea-ns.com\/wp-content\/uploads\/2013\/12\/zimska-jakna-anzac-300x300.jpg 300w\" sizes=\"(max-width: 500px) 100vw, 500px\" \/><\/a> \u00a0 <span style=\"text-decoration: underline;\"><em><strong><span style=\"color: #ff0000; text-decoration: underline;\">\u00a0<\/span><\/strong><\/em><\/span>\u00a0 \u00a0 \u00a0 \u00a0 \u00a0 \u00a0 \u00a0 \u00a0 \u00a0 \u00a0<\/em><\/p>\n<p>&nbsp;<\/p>\n<p>&nbsp;<\/p>\n<p>&nbsp;<\/p>\n<p>&nbsp;<\/p>\n<p>&nbsp;<\/p>\n<p>&nbsp;<\/p>\n<p>&nbsp;<\/p>\n<p>&nbsp;<\/p>\n<p>&nbsp;<\/p>\n<p>&nbsp;<\/p>\n<p>&nbsp;<\/p>\n<p>&nbsp;<\/p>\n<p>&nbsp;<\/p>\n<p>&nbsp;<\/p>\n<p><em id=\"__mceDel\"> \u00a0 \u00a0 \u00a0 \u00a0 \u00a0 <\/em><strong><em>\u00a0<\/em><\/strong><\/p>\n<p><strong><em>\u00a0JAKNA URBAN\u00a0<span style=\"text-decoration: underline; color: #ff0000;\"><br \/>\n<\/span><\/em><\/strong><\/p>\n<p><em id=\"__mceDel\"><em><strong>Vodonepropusna termo jakna, sklopiva kapulja\u010da, PVC\/poliester, postava od polara na skidanje.<\/strong><\/em> <em><strong>Koriste se u industriji, gra\u0111evinarstvu i poljoprivredi, za za\u0161titu od blata, ne\u010disto\u0107e, hladno\u0107e, ki\u0161e i manjih mehani\u010dkih rizika.<\/strong><\/em> \u00a0 \u00a0 <a href=\"http:\/\/lea-ns.com\/wp-content\/uploads\/2013\/12\/jakna-zimska-urban.jpg\"><img decoding=\"async\" loading=\"lazy\" class=\"alignleft size-full wp-image-8454\" alt=\"jakna-zimska urban\" src=\"http:\/\/lea-ns.com\/wp-content\/uploads\/2013\/12\/jakna-zimska-urban.jpg\" width=\"500\" height=\"500\" srcset=\"http:\/\/lea-ns.com\/wp-content\/uploads\/2013\/12\/jakna-zimska-urban.jpg 500w, http:\/\/lea-ns.com\/wp-content\/uploads\/2013\/12\/jakna-zimska-urban-150x150.jpg 150w, http:\/\/lea-ns.com\/wp-content\/uploads\/2013\/12\/jakna-zimska-urban-300x300.jpg 300w\" sizes=\"(max-width: 500px) 100vw, 500px\" \/><\/a> <em><strong>\u00a0<\/strong><\/em> \u00a0 \u00a0 \u00a0 \u00a0 \u00a0 \u00a0 \u00a0 \u00a0 \u00a0 \u00a0 \u00a0 \u00a0 \u00a0 \u00a0 <\/em><\/p>\n<p>&nbsp;<\/p>\n<p>&nbsp;<\/p>\n<p>&nbsp;<\/p>\n<p>&nbsp;<\/p>\n<p>&nbsp;<\/p>\n<p>&nbsp;<\/p>\n<p>&nbsp;<\/p>\n<p>&nbsp;<\/p>\n<p>&nbsp;<\/p>\n<p>&nbsp;<\/p>\n<p>&nbsp;<\/p>\n<p>&nbsp;<\/p>\n<p>&nbsp;<\/p>\n<p>&nbsp;<\/p>\n<p>&nbsp;<\/p>\n<p>JAKNA NAYALA<\/p>\n<p><em id=\"__mceDel\">\u00a0 \u00a0 <strong><em><\/em><\/strong><br \/>\n<\/em><\/p>\n<p><em id=\"__mceDel\"><em><strong>Vodonepropusna termo jakna, 100% poliester oblo\u017een PVC-om, postava od poliestera, unutra\u0161nji d\u017eep za mobilni telefon, 2 prednja d\u017eepa na grudima, sklopiva kapulja\u010da. Vel. S-3XL\u00a0<\/strong><\/em>\u00a0<em><strong>Koristi se za svakodnevni rad na otvorenom prostoru, za\u0161tita od vetra, ki\u0161e, snega &#8230;<\/strong><\/em>\u00a0\u00a0<\/em><\/p>\n<p>&nbsp;<\/p>\n<p>&nbsp;<\/p>\n<p><a href=\"http:\/\/lea-ns.com\/wp-content\/uploads\/2013\/12\/zimska-jakna-nayala1.jpg\"><img decoding=\"async\" loading=\"lazy\" class=\"alignleft size-full wp-image-8467\" alt=\"zimska-jakna nayala\" src=\"http:\/\/lea-ns.com\/wp-content\/uploads\/2013\/12\/zimska-jakna-nayala1.jpg\" width=\"500\" height=\"500\" srcset=\"http:\/\/lea-ns.com\/wp-content\/uploads\/2013\/12\/zimska-jakna-nayala1.jpg 500w, http:\/\/lea-ns.com\/wp-content\/uploads\/2013\/12\/zimska-jakna-nayala1-150x150.jpg 150w, http:\/\/lea-ns.com\/wp-content\/uploads\/2013\/12\/zimska-jakna-nayala1-300x300.jpg 300w\" sizes=\"(max-width: 500px) 100vw, 500px\" \/><\/a><\/p>\n<p>&nbsp;<\/p>\n<p>&nbsp;<\/p>\n<p>&nbsp;<\/p>\n<p>&nbsp;<\/p>\n<p>&nbsp;<\/p>\n<p>&nbsp;<\/p>\n<p><em id=\"__mceDel\">\u00a0 \u00a0 \u00a0 \u00a0 \u00a0 \u00a0 \u00a0 \u00a0 \u00a0 \u00a0 \u00a0 \u00a0<\/em><\/p>\n<p>&nbsp;<\/p>\n<p>&nbsp;<\/p>\n<p>&nbsp;<\/p>\n<p>&nbsp;<\/p>\n<p>&nbsp;<\/p>\n<p>&nbsp;<\/p>\n<p>&nbsp;<\/p>\n<p>&nbsp;<\/p>\n<p>&nbsp;<\/p>\n<p>JAKNA PILOT<\/p>\n<p><em id=\"__mceDel\"><strong><span style=\"text-decoration: underline; color: #ff0000;\">\u00a0<\/span><\/strong><\/em><\/p>\n<p><em id=\"__mceDel\"><strong><em>Vodonepropusna termo jakna sa sklopivom kapulja\u010dom. Postava i okovratnik od krzna, postava i rukavi na skidanje. Vel. S-3XL<\/em><\/strong>\u00a0<strong><em>Koriste se u industriji, gradjevinarstvu i poljoprivredi za za\u0161titu od blata, ne\u010disto\u0107e, hladno\u0107e, ki\u0161e i manjih mehani\u010dkih rizika<\/em><\/strong>\u00a0\u00a0<\/em><\/p>\n<p>&nbsp;<\/p>\n<p><a href=\"http:\/\/lea-ns.com\/wp-content\/uploads\/2013\/12\/zimska-jakna-pilot.jpg\"><img decoding=\"async\" loading=\"lazy\" class=\"alignleft size-full wp-image-8470\" alt=\"zimska-jakna pilot\" src=\"http:\/\/lea-ns.com\/wp-content\/uploads\/2013\/12\/zimska-jakna-pilot.jpg\" width=\"500\" height=\"500\" srcset=\"http:\/\/lea-ns.com\/wp-content\/uploads\/2013\/12\/zimska-jakna-pilot.jpg 500w, http:\/\/lea-ns.com\/wp-content\/uploads\/2013\/12\/zimska-jakna-pilot-150x150.jpg 150w, http:\/\/lea-ns.com\/wp-content\/uploads\/2013\/12\/zimska-jakna-pilot-300x300.jpg 300w\" sizes=\"(max-width: 500px) 100vw, 500px\" \/><\/a><\/p>\n<p>&nbsp;<\/p>\n<p>&nbsp;<\/p>\n<p>&nbsp;<\/p>\n<p>&nbsp;<\/p>\n<p>&nbsp;<\/p>\n<p>&nbsp;<\/p>\n<p>&nbsp;<\/p>\n<p>&nbsp;<\/p>\n<p>&nbsp;<\/p>\n<p>&nbsp;<\/p>\n<p><em id=\"__mceDel\"> <strong><em><br \/>\n<\/em><\/strong><\/em><\/p>\n<p>&nbsp;<\/p>\n<p>&nbsp;<\/p>\n<p>&nbsp;<\/p>\n<p>&nbsp;<\/p>\n<p>&nbsp;<\/p>\n<p>&nbsp;<\/p>\n<p><em id=\"__mceDel\"> <span style=\"color: #ff0000;\"><strong><em><br \/>\n<\/em><\/strong><\/span><\/em><\/p>\n<p>JAKNA RHODES<\/p>\n<p><em id=\"__mceDel\"><strong><em>Vodonepropusna zimska jakna, stukirana, sklopiva kapulja\u010da, postava od ve\u0161ta\u010dkog krzna, rukavi, kragna i postava na skidanje. Vel. S-3XL\u00a0<\/em><\/strong> <strong><em>Koristi se za svakodnevni rad na otvorenom prostoru, za\u0161tita od vetra, ki\u0161e, snega. &#8230;<\/em><\/strong> \u00a0 <img decoding=\"async\" alt=\"Rhodes\" src=\"http:\/\/www.albo.biz\/content\/slpr\/zimska-jakna-zastita-na-radu-od-400.jpg\" \/> <\/em><\/p>\n<p><em id=\"__mceDel\"><em><span style=\"color: #ff0000;\"><strong>\u00a0<\/strong><\/span><\/em><\/em><\/p>\n<p>JAKNA LIBRA<\/p>\n<p><em id=\"__mceDel\"><em><strong>Vodonepropusna jakna PVC\/PE, termo postavljena, rukavi na skidanje, \u010di\u010dak preko zipa i na rukavima, 9 d\u017eepova. Vel. S-3XL. Boje: siva i plava\u00a0<\/strong><\/em>\u00a0<em><strong>Koriste se u industriji, gradjevinarstvu i poljoprivredi za za\u0161titu od blata, ne\u010disto\u0107e, hladno\u0107e, ki\u0161e i manjih mehani\u010dkih rizika.<\/strong><\/em>\u00a0\u00a0<\/em><\/p>\n<p>&nbsp;<\/p>\n<p><a href=\"http:\/\/lea-ns.com\/wp-content\/uploads\/2013\/12\/yimska-jakna-radna.jpg\"><img decoding=\"async\" loading=\"lazy\" class=\"alignleft size-full wp-image-8473\" alt=\"yimska-jakna-radna\" src=\"http:\/\/lea-ns.com\/wp-content\/uploads\/2013\/12\/yimska-jakna-radna.jpg\" width=\"500\" height=\"500\" srcset=\"http:\/\/lea-ns.com\/wp-content\/uploads\/2013\/12\/yimska-jakna-radna.jpg 500w, http:\/\/lea-ns.com\/wp-content\/uploads\/2013\/12\/yimska-jakna-radna-150x150.jpg 150w, http:\/\/lea-ns.com\/wp-content\/uploads\/2013\/12\/yimska-jakna-radna-300x300.jpg 300w\" sizes=\"(max-width: 500px) 100vw, 500px\" \/><\/a><\/p>\n<p>&nbsp;<\/p>\n<p>&nbsp;<\/p>\n<p>&nbsp;<\/p>\n<p>&nbsp;<\/p>\n<p>&nbsp;<\/p>\n<p>&nbsp;<\/p>\n<p>&nbsp;<\/p>\n<p>&nbsp;<\/p>\n<p>&nbsp;<\/p>\n<p>&nbsp;<\/p>\n<p>&nbsp;<\/p>\n<p>&nbsp;<\/p>\n<p>&nbsp;<\/p>\n<p>&nbsp;<\/p>\n<p>&nbsp;<\/p>\n<p>&nbsp;<\/p>\n<p>&nbsp;<\/p>\n<p><em id=\"__mceDel\"><span style=\"color: #ff0000;\"><em><strong>\u00a0<\/strong><\/em><\/span><\/em><\/p>\n<p>JAKNA ATLAS<\/p>\n<p><em id=\"__mceDel\"> <em><strong>Jakna sa kapulja\u010dom, PVC\/nylon\/poliester, vodonepropusna, postavljena. Za\u0161tita od hladno\u0107e, ki\u0161e i manjih mehani\u010dkih rizika. Vel. M-3XL. Boje: zelena i plava\u00a0<\/strong><\/em> <em><strong>Koriste se u industriji, gradjevinarstvu i poljoprivredi za za\u0161titu od blata, ne\u010disto\u0107a, hladno\u0107e, ki\u0161e i manjih mehani\u010dkih rizika.\u00a0<\/strong><\/em> \u00a0 \u00a0<\/em><\/p>\n<p>&nbsp;<\/p>\n<p><a href=\"http:\/\/lea-ns.com\/wp-content\/uploads\/2013\/12\/zimska-jakna-voda.jpg\"><img decoding=\"async\" loading=\"lazy\" class=\"alignleft size-full wp-image-8464\" alt=\"zimska-jakna-voda\" src=\"http:\/\/lea-ns.com\/wp-content\/uploads\/2013\/12\/zimska-jakna-voda.jpg\" width=\"500\" height=\"500\" srcset=\"http:\/\/lea-ns.com\/wp-content\/uploads\/2013\/12\/zimska-jakna-voda.jpg 500w, http:\/\/lea-ns.com\/wp-content\/uploads\/2013\/12\/zimska-jakna-voda-150x150.jpg 150w, http:\/\/lea-ns.com\/wp-content\/uploads\/2013\/12\/zimska-jakna-voda-300x300.jpg 300w\" sizes=\"(max-width: 500px) 100vw, 500px\" \/><\/a><\/p>\n","protected":false},"excerpt":{"rendered":"<p>\u00a0 JAKNA ARGALI \u00a0 Vodonepropusna zimska jakna, otporna na vetar, kapulja\u010da na skidanje, modernog izgleda, vrpca za zatezanje, ventilacija pod pazuhom. Veli\u010dina S-3XL\u00a0 Koristi se za svakodnevni rad na otvorenom prostoru, za\u0161tita\u00a0od vetra, ki\u0161e, snega .. &nbsp; \u00a0 JAKNA TRIOX &hellip; <a href=\"http:\/\/lea-ns.com\/?page_id=2976\">\u041d\u0430\u0441\u0442\u0430\u0432\u0438\u0442\u0435 \u0441\u0430 \u0447\u0438\u0442\u0430\u045a\u0435\u043c <span class=\"meta-nav\">&rarr;<\/span><\/a><\/p>\n","protected":false},"author":1,"featured_media":8453,"parent":0,"menu_order":0,"comment_status":"closed","ping_status":"closed","template":"","meta":[],"_links":{"self":[{"href":"http:\/\/lea-ns.com\/index.php?rest_route=\/wp\/v2\/pages\/2976"}],"collection":[{"href":"http:\/\/lea-ns.com\/index.php?rest_route=\/wp\/v2\/pages"}],"about":[{"href":"http:\/\/lea-ns.com\/index.php?rest_route=\/wp\/v2\/types\/page"}],"author":[{"embeddable":true,"href":"http:\/\/lea-ns.com\/index.php?rest_route=\/wp\/v2\/users\/1"}],"replies":[{"embeddable":true,"href":"http:\/\/lea-ns.com\/index.php?rest_route=%2Fwp%2Fv2%2Fcomments&post=2976"}],"version-history":[{"count":218,"href":"http:\/\/lea-ns.com\/index.php?rest_route=\/wp\/v2\/pages\/2976\/revisions"}],"predecessor-version":[{"id":9206,"href":"http:\/\/lea-ns.com\/index.php?rest_route=\/wp\/v2\/pages\/2976\/revisions\/9206"}],"wp:featuredmedia":[{"embeddable":true,"href":"http:\/\/lea-ns.com\/index.php?rest_route=\/wp\/v2\/media\/8453"}],"wp:attachment":[{"href":"http:\/\/lea-ns.com\/index.php?rest_route=%2Fwp%2Fv2%2Fmedia&parent=2976"}],"curies":[{"name":"wp","href":"https:\/\/api.w.org\/{rel}","templated":true}]}}